f 10396064 and 2016.
224
Calculate the highest common divisor of 15688115 and 265.
5
Calculate the greatest common divisor of 6 and 42840723.
3
Calculate the greatest common factor of 72 and 718632.
72
Calculate the highest common divisor of 3640 and 23655905.
455
What is the greatest common factor of 11 and 55554224?
11
What is the greatest common divisor of 68735374 and 252544?
3946
Calculate the greatest common factor of 40 and 576906060.
20
What is the highest common divisor of 91464 and 55944?
888
What is the greatest common factor of 776 and 341516?
4
Calculate the highest common factor of 1862 and 293816.
38
Calculate the highest common factor of 41808 and 282672.
624
What is the highest common divisor of 213596 and 1307080?
3188
What is the greatest common factor of 812464 and 6800?
272
What is the greatest common factor of 36397330 and 20?
10
What is the greatest common divisor of 1251 and 411119883?
1251
Calculate the highest common factor of 78300018 and 26559.
2043
Calculate the greatest common factor of 1111 and 121059004.
1111
What is the highest common divisor of 342624160 and 640?
160
What is the greatest common factor of 296426 and 8437?
13
Calculate the greatest common divisor of 145 and 6237005.
5
Calculate the greatest common factor of 50 and 5657710.
10
Calculate the highest common divisor of 66677205 and 210.
105
Calculate the highest common divisor of 2799 and 13598475.
933
What is the highest common factor of 785922564 and 588?
588
Calculate the greatest common factor of 6516 and 1252.
4
What is the greatest common factor of 14404116 and 267?
267
What is the greatest common divisor of 16 and 14193416?
8
Calculate the highest common factor of 114 and 74316999.
57
What is the highest common divisor of 155 and 112242382?
31
What is the greatest common factor of 7179480 and 217?
7
Calculate the highest common factor of 122 and 6937957.
61
What is the greatest common factor of 23712 and 22645948?
988
Calculate the highest common divisor of 14445160 and 1000.
40
What is the highest common factor of 12 and 41892?
12
What is the greatest common factor of 5328 and 95229?
9
Calculate the greatest common factor of 4257904 and 380240.
784
Calculate the greatest common factor of 1773134 and 322949.
2057
What is the highest common divisor of 2786 and 15991290?
14
What is the greatest common factor of 85279732 and 21540?
1436
Calculate the highest common divisor of 393198 and 385554.
78
Calculate the greatest common factor of 18960 and 3878320.
80
Calculate the highest common factor of 4633617 and 156261.
3189
Calculate the greatest common divisor of 75 and 201293595.
15
What is the highest common divisor of 95173 and 19136?
13
What is the highest common divisor of 197 and 14644586?
197
What is the greatest common divisor of 226674 and 2319682?
514
What is the greatest common divisor of 517 and 476768?
47
Calculate the highest common divisor of 1378142230 and 1115.
1115
Calculate the greatest common divisor of 1055832 and 10824.
984
What is the greatest common factor of 27280 and 130911760?
2480
What is the greatest common divisor of 53395496 and 112?
56
Calculate the highest common divisor of 38873248 and 1148.
164
What is the highest common divisor of 1213862 and 546?
26
What is the highest common divisor of 10 and 41064490?
10
Calculate the highest common factor of 1025149884 and 7656.
3828
What is the highest common factor of 1311 and 128944488?
57
Calculate the greatest common divisor of 84450 and 7475.
25
Calculate the greatest common factor of 26 and 15097589.
13
What is the greatest common divisor of 1890 and 17111010?
210
What is the highest common divisor of 2 and 4817500?
2
What is the highest common factor of 1536 and 15239328?
96
Calculate the greatest common factor of 280775008 and 2432.
608
What is the highest common factor of 50838522 and 42?
42
Calculate the highest common factor of 80290313 and 1076.
269
What is the greatest common divisor of 460995 and 24840?
15
Calculate the greatest common factor of 1030 and 17188228.
206
What is the greatest common factor of 19350 and 64230?
30
Calculate the greatest common divisor of 17 and 12269393.
17
Calculate the highest common factor of 422339562 and 9234.
1026
Calculate the greatest common divisor of 1306995492 and 1227.
1227
Calculate the greatest common factor of 52096 and 1207008.
352
What is the highest common divisor of 4216495 and 15?
5
What is the highest common divisor of 6620 and 508220?
20
Calculate the highest common divisor of 40741057 and 329.
329
Calculate the greatest common factor of 320 and 2552240.
80
What is the greatest common divisor of 3124 and 90105532?
3124
What is the greatest common factor of 337710 and 1490?
10
What is the highest common divisor of 7639128 and 8568?
504
What is the greatest common divisor of 520 and 465420280?
520
What is the greatest common divisor of 130 and 6758726?
26
What is the highest common factor of 9401261 and 921?
307
What is the highest common divisor of 7473 and 2661187?
47
Calculate the highest common divisor of 1312335 and 9261.
27
Calculate the highest common factor of 62194 and 2695.
11
Calculate the highest common divisor of 88383 and 356949.
51
What is the greatest common divisor of 12139456 and 1455104?
3136
What is the greatest common divisor of 96299448 and 3192?
3192
What is the greatest common divisor of 165120 and 666744?
24
What is the greatest common factor of 3050 and 72956?
122
Calculate the greatest common factor of 32 and 419942.
2
What is the highest common divisor of 10577094 and 71808?
1122
What is the greatest common divisor of 225 and 642112725?
75
Calculate the highest common factor of 122202 and 429678.
3942
What is the greatest common factor of 3534 and 8585853?
1767
What is the highest common divisor of 675 and 830691?
9
What is the greatest common factor of 7560 and 7445480?
280
What is the greatest common divisor of 41200 and 280000?
400
What is the greatest common divisor of 13736 and 60278719?
1717
Calculate the greatest common factor of 129662 and 35243129.
4987
What is the highest common factor of 11307875 and 2074?
61
Calculate the highest common factor of 37 and 4489987.
37
What is the highest common factor of 473030160 and 48?
48
What is the greatest common divisor of 5323691 and 53?
53
Calculate the highest common factor of 2758 and 17495373.
1379
What is the highest common divisor of 10 and 142037570?
10
What is the highest common divisor of 264780 and 41220?
180
Calculate the highest common factor of 9010 and 41565.
85
What is the greatest common divisor of 1503 and 29727169?
167
What is the greatest common divisor of 12 and 80917002?
6
Calculate the highest common divisor of 19237768 and 176.
88
What is the greatest common factor of 186264 and 1760354?
398
What is the highest common factor of 12035920 and 1612?
52
What is the greatest common factor of 1040 and 52524160?
1040
What is the highest common divisor of 742637 and 440153?
1939
What is the greatest common divisor of 3337264 and 28?
28
What is the greatest common divisor of 2625058 and 802809?
12743
Calculate the greatest common factor of 3500 and 175931875.
875
What is the greatest common factor of 862476752 and 3505?
701
What is the greatest common divisor of 16835 and 191380?
35
Calculate the highest common divisor of 62006 and 448462.
1442
Calculate the greatest common factor of 17936 and 15216568.
152
Calculate the highest common factor of 3580 and 10700.
20
Calculate the greatest common divisor of 90369400 and 176.
88
What is the greatest common divisor of 492644 and 7900?
316
Calculate the highest common factor of 208 and 110231632.
16
What is the highest common factor of 1208532 and 21594?
366
What is the highest common factor of 92618658 and 19299?
2757
What is the greatest common divisor of 13896 and 527957676?
6948
What is the highest common factor of 1398380 and 48140?
580
What is the greatest common factor of 616 and 166589808?
616
What is the greatest common factor of 37122040 and 45?
5
What is the highest common divisor of 1557557 and 1836?
17
Calculate the highest common factor of 73 and 122413189.
73
Calculate the greatest common divisor of 80017 and 254886.
23
What is the greatest common divisor of